 the prime factors of 251243193.
3, 83747731
List the prime factors of 64894867.
59, 331, 3323
What are the prime factors of 548983896?
2, 3, 61, 374989
What are the prime factors of 230472714?
2, 3, 38412119
What are the prime factors of 178075553?
743, 239671
List the prime factors of 23292487.
23292487
What are the prime factors of 6441315816?
2, 3, 13, 2551, 8093
List the prime factors of 126105080.
2, 5, 3152627
What are the prime factors of 2133583103?
107, 2179, 9151
What are the prime factors of 209222303?
41, 71, 1753
What are the prime factors of 436938864?
2, 3, 9102893
List the prime factors of 1851725.
5, 17, 4357
What are the prime factors of 1124332112?
2, 5077, 13841
List the prime factors of 94681743.
3, 13, 43, 101
List the prime factors of 4157301.
3, 1385767
List the prime factors of 853085349.
3, 269, 352369
What are the prime factors of 27232068?
2, 3, 2269339
What are the prime factors of 74627402?
2, 19, 307, 6397
What are the prime factors of 974712643?
359, 823, 3299
List the prime factors of 576317935.
5, 17, 41, 61, 2711
List the prime factors of 28433035.
5, 5686607
List the prime factors of 1836440394.
2, 3, 2131, 143629
What are the prime factors of 33940195?
5, 31, 218969
List the prime factors of 34691349.
3, 7, 11, 79, 1901
What are the prime factors of 10494915?
3, 5, 97, 7213
What are the prime factors of 47589712?
2, 31, 95947
List the prime factors of 28483083.
3, 351643
List the prime factors of 10692943.
10692943
List the prime factors of 544261921.
7, 41, 283, 6701
List the prime factors of 6523818036.
2, 3, 19, 28613237
List the prime factors of 2515068783.
3, 6067, 46061
What are the prime factors of 7972990?
2, 5, 149, 5351
What are the prime factors of 87447449?
23, 1307, 2909
What are the prime factors of 29637109?
29637109
What are the prime factors of 800056954?
2, 400028477
List the prime factors of 1371558789.
3, 152395421
List the prime factors of 74045505.
3, 5, 53, 93139
List the prime factors of 79648751.
7, 13, 875261
List the prime factors of 3606012747.
3, 400668083
What are the prime factors of 1614924025?
5, 11, 13, 557, 811
List the prime factors of 1058399.
67, 15797
What are the prime factors of 106728140?
2, 5, 593, 8999
What are the prime factors of 60185?
5, 12037
List the prime factors of 83538174.
2, 3, 19, 71, 10321
List the prime factors of 2184587660.
2, 5, 823, 132721
What are the prime factors of 1589663677?
7, 227094811
List the prime factors of 951780304.
2, 37, 389, 4133
What are the prime factors of 81939960?
2, 3, 5, 227611
List the prime factors of 381513326.
2, 190756663
List the prime factors of 104889571.
47, 389, 5737
What are the prime factors of 425743973?
7877, 54049
What are the prime factors of 97843976?
2, 17, 719441
List the prime factors of 203624014.
2, 11, 23, 402419
What are the prime factors of 111942555?
3, 5, 631, 11827
What are the prime factors of 56497608?
2, 3, 261563
List the prime factors of 41808599.
7, 43, 138899
What are the prime factors of 4044489903?
3, 2203, 203989
List the prime factors of 2034360237.
3, 7, 13, 29, 293, 877
List the prime factors of 272583133.
149, 1829417
List the prime factors of 348975948.
2, 3, 103, 331, 853
List the prime factors of 2660264802.
2, 3, 13, 79, 47969
What are the prime factors of 695306212?
2, 173826553
List the prime factors of 214118169.
3, 71372723
What are the prime factors of 36532938?
2, 3, 13, 468371
List the prime factors of 817925103.
3, 23, 937, 4217
What are the prime factors of 795820224?
2, 3, 1621, 2557
List the prime factors of 94380480.
2, 3, 5, 32771
What are the prime factors of 321020021?
7, 6551429
List the prime factors of 107273769.
3, 35757923
What are the prime factors of 20758908?
2, 3, 1729909
What are the prime factors of 38188918?
2, 19094459
What are the prime factors of 65120533?
43, 307, 4933
List the prime factors of 438231476.
2, 109557869
List the prime factors of 123408670.
2, 5, 7, 11, 293, 547
What are the prime factors of 396587985?
3, 5, 17, 1555247
List the prime factors of 5012401.
1279, 3919
What are the prime factors of 16542593?
397, 41669
List the prime factors of 99742119.
3, 33247373
What are the prime factors of 770900515?
5, 7, 11, 2002339
What are the prime factors of 77474348?
2, 7, 71, 38971
List the prime factors of 1392146543.
31, 43, 1044371
List the prime factors of 150594241.
7, 21513463
List the prime factors of 4843103512.
2, 13, 46568303
What are the prime factors of 60384384?
2, 3, 23, 43, 53
What are the prime factors of 340021031?
7, 109, 193, 2309
What are the prime factors of 57341384?
2, 7167673
What are the prime factors of 411653468?
2, 19, 5416493
List the prime factors of 85389485.
5, 29, 588893
List the prime factors of 190087632.
2, 3, 7, 188579
List the prime factors of 213787774.
2, 106893887
What are the prime factors of 5965952956?
2, 19, 43, 347, 5261
List the prime factors of 307532448.
2, 3, 17, 23, 2731
List the prime factors of 2373231812.
2, 7, 59, 199, 7219
List the prime factors of 933774913.
67, 13936939
List the prime factors of 177705399.
3, 59235133
What are the prime factors of 748257555?
3, 5, 49883837
List the prime factors of 172846889.
172846889
What are the prime factors of 154845372?
2, 3, 11, 31, 79, 479
What are the prime factors of 742151214?
2, 3, 7, 71, 27653
What are the prime factors of 2012962521?
3, 251, 2673257
List the prime factors of 24147531.
3, 17, 52609
What are the prime factors of 278104945?
5, 139, 400151
What are the prime factors of 194627493?
3, 97, 222941
What are the prime factors of 212741901?
3, 23637989
What are the prime factors of 335985346?
2, 11813, 14221
What are the prime factors of 1784793775?
5, 71391751
List the prime factors of 81708851.
7, 17, 463, 1483
What are the prime factors of 1103943781?
1103943781
What are the prime factors of 5695317745?
5, 13, 6740021
What are the prime factors of 83212022?
2, 23, 251, 7207
What are the prime factors of 30585104?
2, 11, 173779
List the prime factors of 221831255.
5, 44366251
List the prime factors of 6639660298.
2, 701, 4735849
What are the prime factors of 44313877?
61, 726457
List the prime factors of 1479643172.
2, 7, 37, 109, 13103
List the prime factors of 53935514.
2, 263, 102539
What are the prime factors of 2876607798?
2, 3, 331, 1448443
What are the prime factors of 44650981?
23, 29, 66943
What are the prime factors of 314390227?
7907, 39761
What are the prime factors of 490848722?
2, 7, 13, 29, 113, 823
List the prime factors of 252334830.
2, 3, 5, 11, 97, 7883
List the prime factors of 6058573.
151, 40123
What are the prime factors of 35907145?
5, 17, 31, 13627
What are the prime factors of 978950347?
978950347
List the prime factors of 122581222.
2, 37, 607, 2729
What are the prime factors of 77754282?
2, 3, 12959047
List the prime factors of 7680269390.
2, 5, 6079, 126341
What are the prime factors of 2087339525?
5, 19, 29, 151531
List the prime factors of 31733388.
2, 3, 109, 8087
List the prime factors of 1357726774.
2, 127, 503, 10627
What are the prime factors of 54072279?
3, 667559
What are the prime factors of 178354532?
2, 31, 269, 5347
List the prime factors of 41077252.
2, 37, 277549
What are the prime factors of 2740241618?
2, 587, 2334107
What are the prime factors of 1568186213?
11, 7699, 18517
What are the prime factors of 65668167?
3, 397, 18379
What are the prime factors of 9895348?
2, 2473837
What are the prime factors of 58622792?
2, 2707
List the prime factors of 869166323.
1567, 554669
What are the prime factors of 388037217?
3, 47, 487, 5651
List the prime factors of 48745864.
2, 173, 35221
What are the prime factors of 3227242413?
3, 17, 63279263
What are the prime factors of 845721047?
845721047
What are the prime factors of 37032659?
37032659
What are the prime factors of 36836863?
7, 61, 86269
List the prime factors of 2799912479.
7, 13, 937, 4691
List the prime factors of 1052006456.
2, 1181, 111347
List the prime factors of 1359040641.
3, 7, 64716221
List the prime factors of 98390918.
2, 23, 37, 57809
List the prime factors of 717301131.
3, 223, 1072199
List the prime factors of 252645808.
2, 911, 17333
What are the prime factors of 152517286?
2, 76258643
What are the prime factors 